92?
-41b
In base 8, what is -103145 - 1?
-103146
In base 16, what is -2ea - -13a?
-1b0
In base 3, what is -2 - -111210220?
111210211
In base 12, what is 9 + 14755?
14762
In base 13, what is -35754 + 2?
-35752
In base 15, what is -117 - -31?
-d6
In base 2, what is -110 + 100110001000?
100110000010
In base 13, what is -667a8 + 0?
-667a8
In base 10, what is -1519 + -1139?
-2658
In base 15, what is -3 + -31cb?
-31ce
In base 3, what is -101000121 + -21?
-101000212
In base 12, what is 2903 + -82?
2841
In base 5, what is -42042411 + -4?
-42042420
In base 5, what is -3 + 13343433?
13343430
In base 5, what is 1243 + -220120?
-213322
In base 6, what is -10445211 + 0?
-10445211
In base 3, what is -2 + 10211120120?
10211120111
In base 14, what is -3 + 24b?
248
In base 14, what is 15d + 435?
594
In base 14, what is -13 - -1b70?
1b5b
In base 2, what is -10111001001110110000 + -101?
-10111001001110110101
In base 5, what is -2 + 111304104?
111304102
In base 16, what is -b3f + -7?
-b46
In base 11, what is -45093 + -5?
-45098
In base 9, what is -1 - 83744?
-83745
In base 5, what is 13 - -4233424?
4233442
In base 10, what is -1 + 1641?
1640
In base 7, what is 10462322 + 0?
10462322
In base 11, what is -a1476 - -7?
-a146a
In base 13, what is 3a569 + 7?
3a573
In base 15, what is 2bab - -17d?
2d39
In base 7, what is -26 + 16102?
16043
In base 2, what is 1000010011000101 - 1011?
1000010010111010
In base 14, what is c29c3 - -5?
c29c8
In base 16, what is 23e8e - 4?
23e8a
In base 14, what is 1 + -b4c?
-b4b
In base 10, what is -980 - -123?
-857
In base 15, what is -19ad4e - 3?
-19ad52
In base 15, what is 11cd - -5?
11d3
In base 14, what is 4 - 2348?
-2344
In base 10, what is -80 - 51383?
-51463
In base 11, what is 2 + -516?
-514
In base 15, what is 4 - 8376?
-8372
In base 13, what is 101a2 + 29?
101cb
In base 10, what is -271 + 234?
-37
In base 4, what is 1 - -330011011?
330011012
In base 6, what is 1105445 + 4?
1105453
In base 5, what is -102304002 + 1?
-102304001
In base 16, what is 7 - -1a26?
1a2d
In base 9, what is -82 + 205?
113
In base 8, what is 4142 - -43?
4205
In base 8, what is 0 - 35062?
-35062
In base 15, what is 26d - 4c?
221
In base 10, what is 206993 + -2?
206991
In base 8, what is -207 - -102?
-105
In base 16, what is 3d0 + 245?
615
In base 6, what is -34 + 2312?
2234
In base 15, what is a5a5 + -12?
a593
In base 13, what is -34a3 + 67?
-3439
In base 2, what is 11100111101111010111 + 100?
11100111101111011011
In base 16, what is 9b + 3d4?
46f
In base 10, what is -91047 - 1?
-91048
In base 4, what is 302322303 - -3?
302322312
In base 2, what is -10111 + 101101110?
101010111
In base 13, what is -b - 2299?
-22a7
In base 13, what is -4 + 40aa?
40a6
In base 16, what is -12e04 + c?
-12df8
In base 11, what is 2 - 12036?
-12034
In base 3, what is 12 - 220211221?
-220211202
In base 5, what is -12003034 - 3?
-12003042
In base 16, what is 11d0 - b8?
1118
In base 7, what is -33 - -3504?
3441
In base 7, what is -3 - 1332652?
-1332655
In base 3, what is -22220111 + -201202?
-100122020
In base 14, what is -1a3 - 289?
-44c
In base 14, what is 0 - -2abd?
2abd
In base 4, what is 1001 - -23311?
30312
In base 13, what is 11 - 546?
-535
In base 13, what is -6 + -454168?
-454171
In base 9, what is -721 + -3?
-724
In base 9, what is -1817418 + 5?
-1817413
In base 10, what is -150 - -2617?
2467
In base 11, what is 4a6a - a?
4a60
In base 10, what is -2457 - -8?
-2449
In base 5, what is -14124 + 22301?
3122
In base 2, what is -111100 - 10101000111110?
-10101001111010
In base 4, what is 13201 - 132?
13003
In base 15, what is 5 - 6a43?
-6a3d
In base 15, what is 5730 + 1?
5731
In base 12, what is 4943 + 3?
4946
In base 15, what is dd0b + -5?
dd06
In base 6, what is 3 - -1445540?
1445543
In base 14, what is 38 - -45?
7d
In base 10, what is -224 + -224?
-448
In base 4, what is -111020 + 31331?
-13023
In base 2, what is 10101100110011 + -100?
10101100101111
In base 9, what is 654408 + 4?
654413
In base 10, what is -4040 - 131?
-4171
In base 8, what is 12 + 5420?
5432
In base 5, what is 2 - 141013?
-141011
In base 7, what is 4 - -25002?
25006
In base 15, what is -c5 + -338?
-40d
In base 4, what is -1222 - -21201?
13313
In base 2, what is 1001010010 + -1000110?
1000001100
In base 15, what is a + -64b66?
-64b5b
In base 12, what is -33566 - 3?
-33569
In base 4, what is -130 - -102233?
102103
In base 10, what is 3051 - -22?
3073
In base 5, what is 2113 - 11413?
-4300
In base 9, what is 11754 - 3?
11751
In base 15, what is -25 + -2cd9?
-2d0e
In base 7, what is -6266 + -14?
-6313
In base 13, what is -46 - -31b?
2a5
In base 7, what is 3222 - -1454?
5006
In base 2, what is 11101011000101110 - 100?
11101011000101010
In base 13, what is -61 + -13c1?
-1452
In base 4, what is -100 - -202133?
202033
In base 12, what is -4b189 - -2?
-4b187
In base 11, what is 213a - -6?
2145
In base 6, what is 2133222 + 0?
2133222
In base 8, what is -527 - 22?
-551
In base 16, what is -551 + -40?
-591
In base 15, what is -14370 + -2?
-14372
In base 11, what is 9982 - 0?
9982
In base 10, what is -178272 - -2?
-178270
In base 8, what is 0 + 103760?
103760
In base 2, what is 1000010100011001 + -101?
1000010100010100
In base 8, what is -73 + 154772?
154677
In base 5, what is 1120110 + 1?
1120111
In base 10, what is -1063 - 211?
-1274
In base 10, what is -461 - -159?
-302
In base 12, what is -1 + 76533?
76532
In base 4, what is -231 + -22221212?
-22222103
In base 14, what is -2 - 1436c?
-14370
In base 9, what is 12 - -168626?
168638
In base 13, what is 8 - -98a7?
98b2
In base 2, what is 100101 - 11100101?
-11000000
In base 8, what is 23 - -465630?
465653
In base 4, what is 1210121113 - 10?
1210121103
In base 16, what is -20 - -28e?
26e
In base 8, what is -436563 - -4?
-436557
In base 14, what is -4 - 42833?
-42837
In base 14, what is -27d17 - 1?
-27d18
In base 16, what is -12b6 - -36?
-1280
In base 5, what is -4120 + -20?
-4140
In base 9, what is -13 - -173?
160
In base 12, what is 863 - -110?
973
In base 16, what is 20f3 - -b?
20fe
In base 4, what is 1133002 - -111?
1133113
In base 6, what is 4053 - -2?
4055
In base 16, what is -65 - -b09c?
b037
In base 2, what is 11001010010110 - -1101?
11001010100011
In base 2, what is -10111000100 - 10001111?
-11001010011
In base 13, what is -90 + 4?
-89
In base 9, what is 416 - -10607?
11124
In base 12, what is -11 - -12b3?
12a2
In base 11, what is -5 - -20016?
20011
In base 16, what is 144e42 - -3?
144e45
In base 8, what is -2716 - -21?
-2675
In base 10, what is 24 + 26046?
26070
In base 8, what is 24625 - 616?
24007
In base 13, what is -1 - 2730?
-2731
In base 7, what is -112466 - 3?
-112502
In base 8, what is 522 + 3134?
3656
In base 9, what is 85 + -2368?
-2273
In base 16, what is a82 - fd?
985
In base 11, what is 76633 - 5?
76629
In base 10, what is 7362 - 48?
7314
In base 9, what is -7786 + 100?
-7686
In base 15, what is a0964 - -2?
a0966
In base 3, what is -222020 + 11222?
-210021
In base 5, what is 21420 + 34?
22004
In base 11, what is 143598 - -1?
143599
In base 7, what is 13532 + -14?
13515
In base 8, what is -576 + -151?
-747
In base 11, what is 354 - 78?
287
In base 14, what is -5 + -1b9d2?
-1b9d7
In base 10, what is 5 - -2482?
2487
In base 12, what is 0 + 597b1?
597b1
In base 15, what is -433d - -e1?
-424c
In base 8, what is 4 + 473?
477
In base 16, what is 5 + 4a61?
4a66
In base 7, what is -45 + -6200?
-6245
In base 16, what is -56144 + -5?
-56149
In base 6, what is 11 + 202113?
202124
In base 15, what is 2cd70 + 18?
2cd88
In base 11, what is 1 - 85780?
-8577a
In base 4, what is 2131 + 310?
3101
In base 2, what is 111101000001100 + 10000?
111101000011100
In base 3, what is -1 + -102222122?
-102222200
In base 5, what is 123 + 3013?
3141
In base 15, what is 4828c4 + 2?
4828c6
In base 7, what is -40016 - -10?
-40006
In base 4, what is -312 - 11322121?
-11323033
In base 5, what is -3 - 4134032?
-4134040
In base 15, what is -2a7 + c6?
-1d1
In base 15, what is 945 - 7?
93d
In base 4, what is 11231000 - -2?
11231002
In base 10, what is 85 - -127?
212
In base 12, what is 14336 - -3?
14339
In base 12, what is 37 - 1217?
-11a0
In base 11, what is 4 + 4253?
4257
In base 10, what is 2866786 - 4?
2866782
In base 2, what is 101 - 10010011000000?
-10010010111011
In base 4, what is